{"id":10,"date":"2023-06-03T20:23:57","date_gmt":"2023-06-03T23:23:57","guid":{"rendered":"https:\/\/www.wljtreinamentos.com.br\/wordpress\/?page_id=10"},"modified":"2023-07-26T20:05:23","modified_gmt":"2023-07-26T23:05:23","slug":"treinamento-para-certificacao-psm-i-da-scrum-org","status":"publish","type":"page","link":"https:\/\/www.wljtreinamentos.com.br\/wordpress\/treinamento-para-certificacao-psm-i-da-scrum-org\/","title":{"rendered":"Treinamento para Certifica\u00e7\u00e3o PSM-I da Scrum.org"},"content":{"rendered":"\n<h2 class=\"wp-block-heading\">Realize seus objetivos profissionais<\/h2>\n\n\n\n<p>Voc\u00ea \u00e9 um apaixonado por tecnologia e acredita na efici\u00eancia de uma gest\u00e3o de projetos bem feita? Tem como meta alcan\u00e7ar uma maior produtividade e qualidade em seus projetos?<\/p>\n\n\n\n<p>Estamos falando diretamente com voc\u00ea, profissional de TI e \u00e1reas afins, que busca solu\u00e7\u00f5es \u00e1geis para os desafios do dia a dia.<\/p>\n\n\n\n<p>Apresentamos a voc\u00ea o nosso treinamento online para a obten\u00e7\u00e3o da Certifica\u00e7\u00e3o PSM-I da Scrum.org.<\/p>\n\n\n\n<p>Este \u00e9 o treinamento que voc\u00ea precisa para dar um salto em sua carreira e melhorar a forma como voc\u00ea e sua equipe gerenciam projetos.<\/p>\n\n\n\n<p>Criado por um profissional qualificado, este curso combina teoria e pr\u00e1tica para garantir que voc\u00ea esteja totalmente preparado para o exame de certifica\u00e7\u00e3o PSM-I.<\/p>\n\n\n\n<p>Imagine por um momento como seria se tornar um profissional certificado pela Scrum.org.<\/p>\n\n\n\n<p>Imagine a credibilidade e o reconhecimento que voc\u00ea ganhar\u00e1 em sua \u00e1rea de trabalho. Imagine como seria mais f\u00e1cil convencer seus stakeholders dos benef\u00edcios dos m\u00e9todos \u00e1geis.<\/p>\n\n\n\n<p>Com a certifica\u00e7\u00e3o PSM-I, voc\u00ea ser\u00e1 capaz de liderar e orientar a sua equipe em dire\u00e7\u00e3o a uma entrega de projetos mais eficiente e de alta qualidade.<\/p>\n\n\n\n<h2 class=\"wp-block-heading\">Avalia\u00e7\u00f5es de alunos<\/h2>\n\n\n\n<blockquote class=\"wp-block-quote has-text-align-center is-style-large is-layout-flow wp-block-quote-is-layout-flow\">\n<p>&#8220;Excelente curso e material, me ajudaram muito na minha certifica\u00e7\u00e3o PSMI.&#8221;<\/p>\n<cite> Andr\u00e9ia<\/cite><\/blockquote>\n\n\n\n<blockquote class=\"wp-block-quote has-text-align-center is-style-large is-layout-flow wp-block-quote-is-layout-flow\">\n<p>&#8220;Muito did\u00e1tico! Eu consegui tirar minha Certifica\u00e7\u00e3o PSM-I estudando atrav\u00e9s desse Curso. Super recomendo!&#8221;<\/p>\n<cite>\u2014 Kenia<\/cite><\/blockquote>\n\n\n\n<blockquote class=\"wp-block-quote has-text-align-center is-style-large is-layout-flow wp-block-quote-is-layout-flow\">\n<p>&#8220;Al\u00e9m de estudar pelo Guia e ler alguns livros utilizei este curso para me preparar para a PSM I, com \u00eaxito passei na prova e estou certificado, muito obrigado pelo conhecimento.&#8221;<\/p>\n<cite>\u2014 Daniel<\/cite><\/blockquote>\n\n\n\n<h2 class=\"wp-block-heading\">Inscreva-se agora<\/h2>\n\n\n\n<p>N\u00e3o perca mais tempo! Invista em seu futuro profissional. Aprenda com os melhores e obtenha sua Certifica\u00e7\u00e3o PSM-I.<\/p>\n\n\n\n<p>Clique agora no bot\u00e3o &#8220;Inscrever-se&#8221; e comece sua jornada em dire\u00e7\u00e3o a um gerenciamento de projetos mais eficiente e produtivo.<\/p>\n\n\n\n<p>Estamos ansiosos para ajud\u00e1-lo a alcan\u00e7ar seus objetivos e desbloquear o seu potencial m\u00e1ximo!<\/p>\n\n\n\n<p>N\u00e3o perca mais tempo! Invista em seu futuro profissional. Aprenda com os melhores e obtenha sua Certifica\u00e7\u00e3o PSM-I.<\/p>\n\n\n\n<p>Clique agora no bot\u00e3o &#8220;Inscrever-se&#8221; e comece sua jornada em dire\u00e7\u00e3o a um gerenciamento de projetos mais eficiente e produtivo.<\/p>\n\n\n\n<figure class=\"wp-block-embed is-type-video is-provider-youtube wp-block-embed-youtube wp-embed-aspect-16-9 wp-has-aspect-ratio\"><div class=\"wp-block-embed__wrapper\">\n<iframe title=\"Forma\u00e7\u00e3o em Scrum - Preparat\u00f3rio para a Certifica\u00e7\u00e3o PSM-I\" width=\"648\" height=\"365\" src=\"https:\/\/www.youtube.com\/embed\/ouWl0KZwPoc?feature=oembed\" frameborder=\"0\" allow=\"accelerometer; autoplay; clipboard-write; encrypted-media; gyroscope; picture-in-picture; web-share\" referrerpolicy=\"strict-origin-when-cross-origin\" allowfullscreen><\/iframe>\n<\/div><\/figure>\n\n\n\n<div class=\"wp-block-buttons is-layout-flex wp-block-buttons-is-layout-flex\">\n<div class=\"wp-block-button\"><a class=\"wp-block-button__link has-text-align-center wp-element-button\" href=\"https:\/\/www.udemy.com\/course\/formacao-essencial-em-scrum\/?couponCode=9AE2ACA72EB97B04EEC0\" target=\"_blank\" rel=\"noreferrer noopener\">Inscreva-se!!!<\/a><\/div>\n<\/div>\n","protected":false},"excerpt":{"rendered":"<p>Realize seus objetivos profissionais Voc\u00ea \u00e9 um apaixonado por tecnologia e acredita na efici\u00eancia de uma gest\u00e3o de projetos bem feita? Tem como meta alcan\u00e7ar uma maior produtividade e qualidade em seus projetos? Estamos falando diretamente com voc\u00ea, profissional de TI e \u00e1reas afins, que busca solu\u00e7\u00f5es \u00e1geis para os desafios do dia a dia. [&hellip;]<\/p>\n","protected":false},"author":1,"featured_media":13,"parent":0,"menu_order":0,"comment_status":"closed","ping_status":"closed","template":"","meta":{"_monsterinsights_skip_tracking":false,"_monsterinsights_sitenote_active":false,"_monsterinsights_sitenote_note":"","_monsterinsights_sitenote_category":0,"footnotes":""},"class_list":["post-10","page","type-page","status-publish","has-post-thumbnail","hentry"],"yoast_head":"<!-- This site is optimized with the Yoast SEO plugin v27.4 - https:\/\/yoast.com\/product\/yoast-seo-wordpress\/ -->\n<title>Treinamento para Certifica\u00e7\u00e3o PSM-I da Scrum.org - Treinamentos em Gest\u00e3o \u00c1geis<\/title>\n<meta name=\"robots\" content=\"index, follow, max-snippet:-1, max-image-preview:large, max-video-preview:-1\" \/>\n<link rel=\"canonical\" href=\"https:\/\/www.wljtreinamentos.com.br\/wordpress\/treinamento-para-certificacao-psm-i-da-scrum-org\/\" \/>\n<meta property=\"og:locale\" content=\"pt_BR\" \/>\n<meta property=\"og:type\" content=\"article\" \/>\n<meta property=\"og:title\" content=\"Treinamento para Certifica\u00e7\u00e3o PSM-I da Scrum.org - Treinamentos em Gest\u00e3o \u00c1geis\" \/>\n<meta property=\"og:description\" content=\"Realize seus objetivos profissionais Voc\u00ea \u00e9 um apaixonado por tecnologia e acredita na efici\u00eancia de uma gest\u00e3o de projetos bem feita? Tem como meta alcan\u00e7ar uma maior produtividade e qualidade em seus projetos? Estamos falando diretamente com voc\u00ea, profissional de TI e \u00e1reas afins, que busca solu\u00e7\u00f5es \u00e1geis para os desafios do dia a dia. [&hellip;]\" \/>\n<meta property=\"og:url\" content=\"https:\/\/www.wljtreinamentos.com.br\/wordpress\/treinamento-para-certificacao-psm-i-da-scrum-org\/\" \/>\n<meta property=\"og:site_name\" content=\"Treinamentos em Gest\u00e3o \u00c1geis\" \/>\n<meta property=\"article:modified_time\" content=\"2023-07-26T23:05:23+00:00\" \/>\n<meta property=\"og:image\" content=\"https:\/\/www.wljtreinamentos.com.br\/wordpress\/wp-content\/uploads\/2023\/06\/Design-sem-nome.jpg\" \/>\n\t<meta property=\"og:image:width\" content=\"1920\" \/>\n\t<meta property=\"og:image:height\" content=\"1080\" \/>\n\t<meta property=\"og:image:type\" content=\"image\/jpeg\" \/>\n<meta name=\"twitter:card\" content=\"summary_large_image\" \/>\n<meta name=\"twitter:label1\" content=\"Est. tempo de leitura\" \/>\n\t<meta name=\"twitter:data1\" content=\"2 minutos\" \/>\n<script type=\"application\/ld+json\" class=\"yoast-schema-graph\">{\"@context\":\"https:\\\/\\\/schema.org\",\"@graph\":[{\"@type\":\"WebPage\",\"@id\":\"https:\\\/\\\/www.wljtreinamentos.com.br\\\/wordpress\\\/treinamento-para-certificacao-psm-i-da-scrum-org\\\/\",\"url\":\"https:\\\/\\\/www.wljtreinamentos.com.br\\\/wordpress\\\/treinamento-para-certificacao-psm-i-da-scrum-org\\\/\",\"name\":\"Treinamento para Certifica\u00e7\u00e3o PSM-I da Scrum.org - Treinamentos em Gest\u00e3o \u00c1geis\",\"isPartOf\":{\"@id\":\"https:\\\/\\\/www.wljtreinamentos.com.br\\\/wordpress\\\/#website\"},\"primaryImageOfPage\":{\"@id\":\"https:\\\/\\\/www.wljtreinamentos.com.br\\\/wordpress\\\/treinamento-para-certificacao-psm-i-da-scrum-org\\\/#primaryimage\"},\"image\":{\"@id\":\"https:\\\/\\\/www.wljtreinamentos.com.br\\\/wordpress\\\/treinamento-para-certificacao-psm-i-da-scrum-org\\\/#primaryimage\"},\"thumbnailUrl\":\"https:\\\/\\\/www.wljtreinamentos.com.br\\\/wordpress\\\/wp-content\\\/uploads\\\/2023\\\/06\\\/Design-sem-nome.jpg\",\"datePublished\":\"2023-06-03T23:23:57+00:00\",\"dateModified\":\"2023-07-26T23:05:23+00:00\",\"breadcrumb\":{\"@id\":\"https:\\\/\\\/www.wljtreinamentos.com.br\\\/wordpress\\\/treinamento-para-certificacao-psm-i-da-scrum-org\\\/#breadcrumb\"},\"inLanguage\":\"pt-BR\",\"potentialAction\":[{\"@type\":\"ReadAction\",\"target\":[\"https:\\\/\\\/www.wljtreinamentos.com.br\\\/wordpress\\\/treinamento-para-certificacao-psm-i-da-scrum-org\\\/\"]}]},{\"@type\":\"ImageObject\",\"inLanguage\":\"pt-BR\",\"@id\":\"https:\\\/\\\/www.wljtreinamentos.com.br\\\/wordpress\\\/treinamento-para-certificacao-psm-i-da-scrum-org\\\/#primaryimage\",\"url\":\"https:\\\/\\\/www.wljtreinamentos.com.br\\\/wordpress\\\/wp-content\\\/uploads\\\/2023\\\/06\\\/Design-sem-nome.jpg\",\"contentUrl\":\"https:\\\/\\\/www.wljtreinamentos.com.br\\\/wordpress\\\/wp-content\\\/uploads\\\/2023\\\/06\\\/Design-sem-nome.jpg\",\"width\":1920,\"height\":1080},{\"@type\":\"BreadcrumbList\",\"@id\":\"https:\\\/\\\/www.wljtreinamentos.com.br\\\/wordpress\\\/treinamento-para-certificacao-psm-i-da-scrum-org\\\/#breadcrumb\",\"itemListElement\":[{\"@type\":\"ListItem\",\"position\":1,\"name\":\"In\u00edcio\",\"item\":\"https:\\\/\\\/www.wljtreinamentos.com.br\\\/wordpress\\\/\"},{\"@type\":\"ListItem\",\"position\":2,\"name\":\"Treinamento para Certifica\u00e7\u00e3o PSM-I da Scrum.org\"}]},{\"@type\":\"WebSite\",\"@id\":\"https:\\\/\\\/www.wljtreinamentos.com.br\\\/wordpress\\\/#website\",\"url\":\"https:\\\/\\\/www.wljtreinamentos.com.br\\\/wordpress\\\/\",\"name\":\"Wlj Treinamentos\",\"description\":\"\",\"publisher\":{\"@id\":\"https:\\\/\\\/www.wljtreinamentos.com.br\\\/wordpress\\\/#\\\/schema\\\/person\\\/20958f62d38d67ece73bd786460fc38b\"},\"potentialAction\":[{\"@type\":\"SearchAction\",\"target\":{\"@type\":\"EntryPoint\",\"urlTemplate\":\"https:\\\/\\\/www.wljtreinamentos.com.br\\\/wordpress\\\/?s={search_term_string}\"},\"query-input\":{\"@type\":\"PropertyValueSpecification\",\"valueRequired\":true,\"valueName\":\"search_term_string\"}}],\"inLanguage\":\"pt-BR\"},{\"@type\":[\"Person\",\"Organization\"],\"@id\":\"https:\\\/\\\/www.wljtreinamentos.com.br\\\/wordpress\\\/#\\\/schema\\\/person\\\/20958f62d38d67ece73bd786460fc38b\",\"name\":\"William\",\"image\":{\"@type\":\"ImageObject\",\"inLanguage\":\"pt-BR\",\"@id\":\"https:\\\/\\\/www.wljtreinamentos.com.br\\\/wordpress\\\/wp-content\\\/uploads\\\/2023\\\/08\\\/34504526_transparent.png\",\"url\":\"https:\\\/\\\/www.wljtreinamentos.com.br\\\/wordpress\\\/wp-content\\\/uploads\\\/2023\\\/08\\\/34504526_transparent.png\",\"contentUrl\":\"https:\\\/\\\/www.wljtreinamentos.com.br\\\/wordpress\\\/wp-content\\\/uploads\\\/2023\\\/08\\\/34504526_transparent.png\",\"width\":2000,\"height\":2000,\"caption\":\"William\"},\"logo\":{\"@id\":\"https:\\\/\\\/www.wljtreinamentos.com.br\\\/wordpress\\\/wp-content\\\/uploads\\\/2023\\\/08\\\/34504526_transparent.png\"},\"sameAs\":[\"https:\\\/\\\/www.wljtreinamentos.com.br\\\/wordpress\"]}]}<\/script>\n<!-- \/ Yoast SEO plugin. -->","yoast_head_json":{"title":"Treinamento para Certifica\u00e7\u00e3o PSM-I da Scrum.org - Treinamentos em Gest\u00e3o \u00c1geis","robots":{"index":"index","follow":"follow","max-snippet":"max-snippet:-1","max-image-preview":"max-image-preview:large","max-video-preview":"max-video-preview:-1"},"canonical":"https:\/\/www.wljtreinamentos.com.br\/wordpress\/treinamento-para-certificacao-psm-i-da-scrum-org\/","og_locale":"pt_BR","og_type":"article","og_title":"Treinamento para Certifica\u00e7\u00e3o PSM-I da Scrum.org - Treinamentos em Gest\u00e3o \u00c1geis","og_description":"Realize seus objetivos profissionais Voc\u00ea \u00e9 um apaixonado por tecnologia e acredita na efici\u00eancia de uma gest\u00e3o de projetos bem feita? Tem como meta alcan\u00e7ar uma maior produtividade e qualidade em seus projetos? Estamos falando diretamente com voc\u00ea, profissional de TI e \u00e1reas afins, que busca solu\u00e7\u00f5es \u00e1geis para os desafios do dia a dia. [&hellip;]","og_url":"https:\/\/www.wljtreinamentos.com.br\/wordpress\/treinamento-para-certificacao-psm-i-da-scrum-org\/","og_site_name":"Treinamentos em Gest\u00e3o \u00c1geis","article_modified_time":"2023-07-26T23:05:23+00:00","og_image":[{"width":1920,"height":1080,"url":"https:\/\/www.wljtreinamentos.com.br\/wordpress\/wp-content\/uploads\/2023\/06\/Design-sem-nome.jpg","type":"image\/jpeg"}],"twitter_card":"summary_large_image","twitter_misc":{"Est. tempo de leitura":"2 minutos"},"schema":{"@context":"https:\/\/schema.org","@graph":[{"@type":"WebPage","@id":"https:\/\/www.wljtreinamentos.com.br\/wordpress\/treinamento-para-certificacao-psm-i-da-scrum-org\/","url":"https:\/\/www.wljtreinamentos.com.br\/wordpress\/treinamento-para-certificacao-psm-i-da-scrum-org\/","name":"Treinamento para Certifica\u00e7\u00e3o PSM-I da Scrum.org - Treinamentos em Gest\u00e3o \u00c1geis","isPartOf":{"@id":"https:\/\/www.wljtreinamentos.com.br\/wordpress\/#website"},"primaryImageOfPage":{"@id":"https:\/\/www.wljtreinamentos.com.br\/wordpress\/treinamento-para-certificacao-psm-i-da-scrum-org\/#primaryimage"},"image":{"@id":"https:\/\/www.wljtreinamentos.com.br\/wordpress\/treinamento-para-certificacao-psm-i-da-scrum-org\/#primaryimage"},"thumbnailUrl":"https:\/\/www.wljtreinamentos.com.br\/wordpress\/wp-content\/uploads\/2023\/06\/Design-sem-nome.jpg","datePublished":"2023-06-03T23:23:57+00:00","dateModified":"2023-07-26T23:05:23+00:00","breadcrumb":{"@id":"https:\/\/www.wljtreinamentos.com.br\/wordpress\/treinamento-para-certificacao-psm-i-da-scrum-org\/#breadcrumb"},"inLanguage":"pt-BR","potentialAction":[{"@type":"ReadAction","target":["https:\/\/www.wljtreinamentos.com.br\/wordpress\/treinamento-para-certificacao-psm-i-da-scrum-org\/"]}]},{"@type":"ImageObject","inLanguage":"pt-BR","@id":"https:\/\/www.wljtreinamentos.com.br\/wordpress\/treinamento-para-certificacao-psm-i-da-scrum-org\/#primaryimage","url":"https:\/\/www.wljtreinamentos.com.br\/wordpress\/wp-content\/uploads\/2023\/06\/Design-sem-nome.jpg","contentUrl":"https:\/\/www.wljtreinamentos.com.br\/wordpress\/wp-content\/uploads\/2023\/06\/Design-sem-nome.jpg","width":1920,"height":1080},{"@type":"BreadcrumbList","@id":"https:\/\/www.wljtreinamentos.com.br\/wordpress\/treinamento-para-certificacao-psm-i-da-scrum-org\/#breadcrumb","itemListElement":[{"@type":"ListItem","position":1,"name":"In\u00edcio","item":"https:\/\/www.wljtreinamentos.com.br\/wordpress\/"},{"@type":"ListItem","position":2,"name":"Treinamento para Certifica\u00e7\u00e3o PSM-I da Scrum.org"}]},{"@type":"WebSite","@id":"https:\/\/www.wljtreinamentos.com.br\/wordpress\/#website","url":"https:\/\/www.wljtreinamentos.com.br\/wordpress\/","name":"Wlj Treinamentos","description":"","publisher":{"@id":"https:\/\/www.wljtreinamentos.com.br\/wordpress\/#\/schema\/person\/20958f62d38d67ece73bd786460fc38b"},"potentialAction":[{"@type":"SearchAction","target":{"@type":"EntryPoint","urlTemplate":"https:\/\/www.wljtreinamentos.com.br\/wordpress\/?s={search_term_string}"},"query-input":{"@type":"PropertyValueSpecification","valueRequired":true,"valueName":"search_term_string"}}],"inLanguage":"pt-BR"},{"@type":["Person","Organization"],"@id":"https:\/\/www.wljtreinamentos.com.br\/wordpress\/#\/schema\/person\/20958f62d38d67ece73bd786460fc38b","name":"William","image":{"@type":"ImageObject","inLanguage":"pt-BR","@id":"https:\/\/www.wljtreinamentos.com.br\/wordpress\/wp-content\/uploads\/2023\/08\/34504526_transparent.png","url":"https:\/\/www.wljtreinamentos.com.br\/wordpress\/wp-content\/uploads\/2023\/08\/34504526_transparent.png","contentUrl":"https:\/\/www.wljtreinamentos.com.br\/wordpress\/wp-content\/uploads\/2023\/08\/34504526_transparent.png","width":2000,"height":2000,"caption":"William"},"logo":{"@id":"https:\/\/www.wljtreinamentos.com.br\/wordpress\/wp-content\/uploads\/2023\/08\/34504526_transparent.png"},"sameAs":["https:\/\/www.wljtreinamentos.com.br\/wordpress"]}]}},"_links":{"self":[{"href":"https:\/\/www.wljtreinamentos.com.br\/wordpress\/wp-json\/wp\/v2\/pages\/10","targetHints":{"allow":["GET"]}}],"collection":[{"href":"https:\/\/www.wljtreinamentos.com.br\/wordpress\/wp-json\/wp\/v2\/pages"}],"about":[{"href":"https:\/\/www.wljtreinamentos.com.br\/wordpress\/wp-json\/wp\/v2\/types\/page"}],"author":[{"embeddable":true,"href":"https:\/\/www.wljtreinamentos.com.br\/wordpress\/wp-json\/wp\/v2\/users\/1"}],"replies":[{"embeddable":true,"href":"https:\/\/www.wljtreinamentos.com.br\/wordpress\/wp-json\/wp\/v2\/comments?post=10"}],"version-history":[{"count":5,"href":"https:\/\/www.wljtreinamentos.com.br\/wordpress\/wp-json\/wp\/v2\/pages\/10\/revisions"}],"predecessor-version":[{"id":119,"href":"https:\/\/www.wljtreinamentos.com.br\/wordpress\/wp-json\/wp\/v2\/pages\/10\/revisions\/119"}],"wp:featuredmedia":[{"embeddable":true,"href":"https:\/\/www.wljtreinamentos.com.br\/wordpress\/wp-json\/wp\/v2\/media\/13"}],"wp:attachment":[{"href":"https:\/\/www.wljtreinamentos.com.br\/wordpress\/wp-json\/wp\/v2\/media?parent=10"}],"curies":[{"name":"wp","href":"https:\/\/api.w.org\/{rel}","templated":true}]}}